?
9
What is the tens digit of (-3)/(-144)*-12*-46196?
4
Suppose 3*r + 0*r = 6*r. Suppose 7*n - 568 - 104 = r. Let a = -44 + n. What is the units digit of a?
2
Let v(d) = 2*d**2 + 50*d - 100. Let u be v(-27). What is the tens digit of (u/(-10) - (-641)/(-5))*-5?
4
Let p = 68154 + -46201. What is the thousands digit of p?
1
Let c be (10 + -17)*12/(-14). Suppose -c*t + 6 = -3*t. Suppose 0 = -t*y + 5 + 61. What is the units digit of y?
3
Let w = -55 + 53. Let t be -1*3 + 26/w. Let h = t + 27. What is the tens digit of h?
1
Suppose -5*d + 24 = 44. Let z be -16*3/((-1 - d)/12). Let y = 284 + z. What is the units digit of y?
2
Let r = -5701 + 24720. What is the tens digit of r?
1
Let p = -77 - -85. What is the units digit of p/6 - 5455/(-15)?
5
Suppose -67770 = 6841*s - 6851*s. What is the tens digit of s?
7
Suppose -10 + 2 = -2*w, -11 = -3*t + w. Suppose -t*f - 3*f = -8. What is the tens digit of (-214)/(-4) + f/2?
5
Let f = -2313 - -1513. What is the tens digit of ((-72)/(-20))/((-16)/f)?
8
Let o = -155 + 119. Let t(d) = d**2 - 23*d - 222. What is the thousands digit of t(o)?
1
What is the tens digit of 154/70 + -2 - 97064/(-5)?
1
Suppose -77772 = -5*q - 2*c + 11756, 5*c = -3*q + 53713. What is the ten thousands digit of q?
1
Suppose 2*h = 6, -5*o + 4*o = -h - 60. Suppose -2*t + o = -319. What is the tens digit of t?
9
Let t be (24/(-3))/((-4)/18). Let r = -30 + t. What is the units digit of ((-1)/(-3))/(r + 19364/(-3228))?
9
Suppose 4*h = 2*k + 2408, 2*k - 7*h = -10*h - 2443. Let j = 430 - k. What is the tens digit of j?
4
Suppose 4*u = -3*h + 114774, -29*h - 13*u = -18*u - 1109744. What is the ten thousands digit of h?
3
Suppose -2*x - 3*k = -14385, -53669 = -5*x + 5*k - 17669. What is the units digit of x?
7
Let t(b) = -148*b + 1633. What is the tens digit of t(-55)?
7
Let r(t) = -t**3 - 28*t**2 - 3*t - 36. Let h = 8 + -16. Let d = -36 - h. What is the units digit of r(d)?
8
Let f be 24/(-5 - 1) - 1. Let u(b) = 18*b**2 - 33*b + 11. What is the units digit of u(f)?
6
Let h = 18532 + 5330. What is the hundreds digit of h?
8
Let v = 192 - -1233. Let k = -587 + v. What is the units digit of k?
8
Suppose 0 = -180*h + 168*h + 66972. What is the thousands digit of h?
5
Suppose 0 = -2*r + 43886 + 6402. What is the thousands digit of r?
5
Let q = -452 + 455. What is the tens digit of 226/((20/q)/10)?
3
Suppose 767*y + 28293 = 770*y. What is the tens digit of y?
3
Let y = 5 - 0. Suppose y*t = -20, 0 = 10*h - 5*h - 3*t - 2562. Let n = h + -281. What is the units digit of n?
9
Let p = -31 + 34. Suppose -p = j - 1. What is the units digit of (4 + j)/2*73?
3
Let g = -1099 + 2069. Suppose -5*i - 976 = -9*i - 4*z, -z + g = 4*i. What is the units digit of i?
2
Suppose 24*a - 81821 - 224359 = -42132. What is the units digit of a?
2
Let p = 60 - 41. Suppose -7*q + 34 = -57. Suppose p*d - 774 = q*d. What is the units digit of d?
9
Suppose -160388 = -5*i - 10*w + 13*w, -i + 2*w + 32072 = 0. What is the units digit of i?
0
Let q(y) = -5948*y - 649. What is the thousands digit of q(-3)?
7
Suppose -4*o + 3526 = -5*r - 466, 3*r + 2997 = 3*o. What is the units digit of (86/(-129))/(o/1005 - 1)?
5
Suppose 66*v + 29*v + 17387 - 2028822 = 0. What is the units digit of v?
3
Let z(p) = 101*p**3 - 27*p**2 + 102*p - 50. What is the hundreds digit of z(8)?
7
Let z = -789 + 2718. Let v = -1269 + z. What is the units digit of v?
0
Let z = -43 - -59. Suppose -21*f + 23*f + z = 0. What is the tens digit of (-626)/f - 4/16?
7
Let q(d) = -844*d - 772. What is the thousands digit of q(-25)?
0
Let i(v) = -2*v**2 + 17*v - 8. Let q be i(9). What is the units digit of 814/10*(q + 22)?
7
Let c(i) = 35*i**2 + 52*i + 10. What is the hundreds digit of c(-36)?
4
Suppose 4*w = -4*a + 1788, -3*a = -4*w - 1169 - 179. Suppose 3*o = -4*v + a, 0 = 5*v + o - 0*o - 549. Suppose v = 2*g - 53. What is the tens digit of g?
8
Let k(l) = 3*l - 35. Let n be k(14). Suppose n = 4*v - 13. Suppose -v*r + 260 = -r. What is the units digit of r?
5
Let t = -52 - -50. Let g be t/(-13) + (-2624)/(-13). Suppose -g = -3*f - 10. What is the tens digit of f?
6
Suppose 2*m + 4*k + 50421 = 118859, 5*k - 102650 = -3*m. What is the ten thousands digit of m?
3
Suppose a - 10 = -28. What is the tens digit of (101600/(-72))/(-10) + 2/a?
4
Let n(i) = i**2 - 4*i - 9. Let j be n(7). Suppose j = 6*l - 24. Suppose 0 = -l*m + 666 + 198. What is the hundreds digit of m?
1
Let u(z) = 8*z**2 + 537*z + 45. Let f be u(-67). Suppose 3*m + 3*k + 81 = 0, 4*m = -5*k - 0*k - 108. Let a = f - m. What is the units digit of a?
5
Let b(g) = -189*g + 3. Suppose -2*f + h = -0*f, 0 = -4*f - h - 6. What is the hundreds digit of b(f)?
1
Let b be 8*1 - (-48 + 978). Let g = -330 - b. What is the tens digit of g?
9
Let y = 2591 + -1473. Suppose a + 2*g - 376 = 0, -11*a + 8*a = g - y. What is the tens digit of a?
7
Suppose 3*k = -14*k + 51. Suppose d = -k*t + 108, -3*d + 22 = -4*t - 341. What is the hundreds digit of d?
1
Suppose 5*z + 203 - 248 = 0. Let u(v) = -39 + v**3 + z*v - 7*v**2 - 2*v**3 + 34. What is the tens digit of u(-10)?
0
Suppose -5*o - 2*y = -30, 4*o - 47 = y + 2*y. Suppose -4*k = -5*n - 13, -2*n - 4*k = k - o. What is the units digit of 1*n*(-15 + 6)?
9
Suppose 0 = -2*f + 5*f + 3*m + 6, -2*m - 8 = 0. Suppose f*s = -2*s + 3460. What is the tens digit of s?
6
Suppose -3*y = -2*u + 48, 6*u - 166 = u - 4*y. Suppose -u = 5*r + 10. Let d(b) = -9*b + 22. What is the tens digit of d(r)?
9
Let q(z) = 34*z**2 - 11*z + 5. Let t be q(-5). Suppose 46*o = 51*o - t. What is the hundreds digit of o?
1
Let n be 6 - (-138)/7 - (-8)/28. What is the tens digit of (n/78)/((-1)/(-1101))?
6
Let x = 3985 + -1616. Suppose 5*p + 20 = -c + 803, -3*c = -5*p - x. What is the tens digit of c?
8
Suppose -175*p - 244503 = -182*p. What is the units digit of p?
9
Let d(v) = 6*v - 8. Let g be (8/(-6))/((-26)/39). Let r be d(g). Suppose 2*f + r*f = 756. What is the hundreds digit of f?
1
Let f(b) = -5*b + 14. Let q be f(3). Let k(g) = 1 - 2 + 2 - 91*g. What is the tens digit of k(q)?
9
Let q = 8611 + 491. What is the tens digit of q?
0
Suppose -4*c + 4*z + 14204 = 0, -c + 5*z - 451 + 4006 = 0. Let j = c - 1727. What is the thousands digit of j?
1
Let i = -1 + 4. Let b(g) = -3*g**3 - 27*g**2 - 90*g + 1. Let y be b(-3). Suppose y = -i*r + 7*r - l, 5*r + 4*l = 110. What is the units digit of r?
6
Suppose -3*j = 7*j - 190. Let h = j + -16. Suppose h*d = 17 + 88. What is the tens digit of d?
3
What is the hundreds digit of (-33665)/(-6) - -8*(-1)/(-48)?
6
Let i be 12*(2/(-6) - 142/(-12)). Suppose -646 = -3*n - g, n + 3*g - 88 = i. What is the units digit of n?
4
Let m(b) = 13*b**2 - 11*b - 110. Let v be m(-8). Suppose v = -3*c + 4338. What is the hundreds digit of c?
1
Let z = -357 - -843. Suppose -3*n + 2*n - v - 2 = 0, -4*v - 29 = -3*n. Suppose 0 = -4*y + x + 4*x + 641, 2*x = n*y - z. What is the units digit of y?
4
Suppose -144*h + 27*h = 585. Let o(c) = 8*c + 5. Let p be o(5). What is the units digit of ((-7)/3)/(h/p)?
1
Let z(j) = -4*j**3 - 7*j**2 - 70*j + 106. What is the ten thousands digit of z(-17)?
1
Suppose -c + 0*c = 2. Let r be (1 - 2)/((-36)/1692). Let o = r + c. What is the units digit of o?
5
Suppose -213815 = 387*p - 394*p. What is the ten thousands digit of p?
3
Let y be (4/3)/(72/918). Suppose -14321 - 19696 = -y*b. What is the tens digit of b?
0
Suppose 5*q - 4*l = 10643, 0 = -q + 4*l - 410 + 2529. Suppose 13*r - q = 5292. What is the units digit of r?
1
Suppose 4*h - 4900 + 1464 = 0. Suppose -5*p + h = 4*l, 5 = 4*l + 1. What is the hundreds digit of p?
1
What is the tens digit of (31 - 13 - 10)*2/(-4)*-6986?
4
Let d(j) = 4494*j + 943. What is the ten thousands digit of d(6)?
2
Let u be 1 - (29 - (-1 + 2)). Let h be 628/(-6) - 18/u. What is the units digit of 10*3*h/(-60)?
2
Suppose -6720 = -3*x - 3*w, -11200 = -5*x + 9*w - 10*w. What is the tens digit of x?
4
Let r(c) = 33*c + 141. Let s be r(-4). What is the hundreds digit of 7 + s/((-18)/(-464))?
2
Let c = -4 - -9. Suppose -4989 + 780 = -23*m. Suppose 3*u - 3*n = m, -2*n - 254 = -c*u + 36. What is the units digit of u?
6
Let h = 6794 + 20. What is the units digit of h?
4
Let j(k) = k**3 + 56*k**2 - 56*k - 173. What is the hundreds digit of j(-55)?
9
Suppose 0 = -4*v - 0*d + 5*d + 88, 0 = 5*v - d - 89. 